{"id":10745,"date":"2022-05-26T10:28:35","date_gmt":"2022-05-26T10:28:35","guid":{"rendered":"https:\/\/iesjuandemairena.org\/?page_id=10745"},"modified":"2024-05-22T10:53:13","modified_gmt":"2024-05-22T10:53:13","slug":"horario-y-contacto","status":"publish","type":"page","link":"https:\/\/iesjuandemairena.org\/index.php\/horario-y-contacto\/","title":{"rendered":"Horario y contacto"},"content":{"rendered":"\n<p>La Secretar\u00eda del IES Juan de Mairena est\u00e1 situado en la planta 1 del centro.<\/p>\n<p><strong>Horario de<\/strong> <strong>atenci\u00f3n al p\u00fablico<\/strong>: De lunes a viernes de 10:00 a 12:00\u00a0<\/p>\n<p><strong>Correo<\/strong> <strong>electr\u00f3nico:<\/strong> administracion@iesjuandemairena.org<\/p>\n<p><strong>Tel\u00e9fono de contacto:<\/strong>\u00a0<span aria-label=\"Llamar al n\u00famero de tel\u00e9fono 955 62 33 05\">955 62 33 05<\/span><\/p>\n","protected":false},"excerpt":{"rendered":"<p>La Secretar\u00eda del IES Juan de Mairena est\u00e1 situado en la planta 1 del centro. Horario de atenci\u00f3n al p\u00fablico: De lunes a viernes de 10:00 a 12:00\u00a0 Correo electr\u00f3nico: administracion@iesjuandemairena.org Tel\u00e9fono de contacto:\u00a0955 62 33 05<\/p>\n","protected":false},"author":8,"featured_media":0,"parent":0,"menu_order":0,"comment_status":"closed","ping_status":"closed","template":"","meta":[],"yoast_head":"<!-- This site is optimized with the Yoast SEO plugin v15.5 - https:\/\/yoast.com\/wordpress\/plugins\/seo\/ -->\n<title>Horario y contacto - IES Juan de Mairena<\/title>\n<meta name=\"robots\" content=\"index, follow, max-snippet:-1, max-image-preview:large, max-video-preview:-1\" \/>\n<link rel=\"canonical\" href=\"https:\/\/iesjuandemairena.org\/index.php\/horario-y-contacto\/\" \/>\n<meta property=\"og:locale\" content=\"es_ES\" \/>\n<meta property=\"og:type\" content=\"article\" \/>\n<meta property=\"og:title\" content=\"Horario y contacto - IES Juan de Mairena\" \/>\n<meta property=\"og:description\" content=\"La Secretar\u00eda del IES Juan de Mairena est\u00e1 situado en la planta 1 del centro. Horario de atenci\u00f3n al p\u00fablico: De lunes a viernes de 10:00 a 12:00\u00a0 Correo electr\u00f3nico: administracion@iesjuandemairena.org Tel\u00e9fono de contacto:\u00a0955 62 33 05\" \/>\n<meta property=\"og:url\" content=\"https:\/\/iesjuandemairena.org\/index.php\/horario-y-contacto\/\" \/>\n<meta property=\"og:site_name\" content=\"IES Juan de Mairena\" \/>\n<meta property=\"article:modified_time\" content=\"2024-05-22T10:53:13+00:00\" \/>\n<meta name=\"twitter:card\" content=\"summary_large_image\" \/>\n<meta name=\"twitter:label1\" content=\"Tiempo de lectura\">\n\t<meta name=\"twitter:data1\" content=\"0 minutos\">\n<script type=\"application\/ld+json\" class=\"yoast-schema-graph\">{\"@context\":\"https:\/\/schema.org\",\"@graph\":[{\"@type\":\"WebSite\",\"@id\":\"https:\/\/iesjuandemairena.org\/#website\",\"url\":\"https:\/\/iesjuandemairena.org\/\",\"name\":\"IES Juan de Mairena\",\"description\":\"Mairena del Aljarafe (Sevilla)\",\"potentialAction\":[{\"@type\":\"SearchAction\",\"target\":\"https:\/\/iesjuandemairena.org\/?s={search_term_string}\",\"query-input\":\"required name=search_term_string\"}],\"inLanguage\":\"es\"},{\"@type\":\"WebPage\",\"@id\":\"https:\/\/iesjuandemairena.org\/index.php\/horario-y-contacto\/#webpage\",\"url\":\"https:\/\/iesjuandemairena.org\/index.php\/horario-y-contacto\/\",\"name\":\"Horario y contacto - IES Juan de Mairena\",\"isPartOf\":{\"@id\":\"https:\/\/iesjuandemairena.org\/#website\"},\"datePublished\":\"2022-05-26T10:28:35+00:00\",\"dateModified\":\"2024-05-22T10:53:13+00:00\",\"inLanguage\":\"es\",\"potentialAction\":[{\"@type\":\"ReadAction\",\"target\":[\"https:\/\/iesjuandemairena.org\/index.php\/horario-y-contacto\/\"]}]}]}<\/script>\n<!-- \/ Yoast SEO plugin. -->","_links":{"self":[{"href":"https:\/\/iesjuandemairena.org\/index.php\/wp-json\/wp\/v2\/pages\/10745"}],"collection":[{"href":"https:\/\/iesjuandemairena.org\/index.php\/wp-json\/wp\/v2\/pages"}],"about":[{"href":"https:\/\/iesjuandemairena.org\/index.php\/wp-json\/wp\/v2\/types\/page"}],"author":[{"embeddable":true,"href":"https:\/\/iesjuandemairena.org\/index.php\/wp-json\/wp\/v2\/users\/8"}],"replies":[{"embeddable":true,"href":"https:\/\/iesjuandemairena.org\/index.php\/wp-json\/wp\/v2\/comments?post=10745"}],"version-history":[{"count":3,"href":"https:\/\/iesjuandemairena.org\/index.php\/wp-json\/wp\/v2\/pages\/10745\/revisions"}],"predecessor-version":[{"id":12347,"href":"https:\/\/iesjuandemairena.org\/index.php\/wp-json\/wp\/v2\/pages\/10745\/revisions\/12347"}],"wp:attachment":[{"href":"https:\/\/iesjuandemairena.org\/index.php\/wp-json\/wp\/v2\/media?parent=10745"}],"curies":[{"name":"wp","href":"https:\/\/api.w.org\/{rel}","templated":true}]}}