{"id":11026,"date":"2022-06-22T09:42:36","date_gmt":"2022-06-22T09:42:36","guid":{"rendered":"https:\/\/iesjuandemairena.org\/?page_id=11026"},"modified":"2022-06-23T10:12:20","modified_gmt":"2022-06-23T10:12:20","slug":"ciclos-formativos","status":"publish","type":"page","link":"https:\/\/iesjuandemairena.org\/index.php\/ciclos-formativos\/","title":{"rendered":"Ciclos Formativos"},"content":{"rendered":"\n\n\n<h3><strong>Ciclo Formativo de Grado Medio<\/strong><\/h3>\n<p><em>Sistemas Microinform\u00e1ticos y Redes.<\/em><\/p>\n<p>La competencia general de este t\u00edtulo consiste en instalar, configurar y mantener sistemas microinform\u00e1ticos, aislados o en red, as\u00ed como redes locales en peque\u00f1os entornos, asegurando su funcionalidad y aplicando los protocolos de calidad, seguridad y respeto al medio ambiente establecidos.<\/p>\n<p><a class=\"customize-unpreviewable\" href=\"https:\/\/www.juntadeandalucia.es\/educacion\/portals\/web\/formacion-profesional-andaluza\/fp-grado-medio\/detalle-titulo?idTitulo=17\">M\u00e1s informaci\u00f3n<\/a><\/p>\n<h3><strong>Ciclo Formativo de Grado Superior<\/strong><\/h3>\n<p><em>T\u00e9cnico en Ense\u00f1anza y Animaci\u00f3n Sociodeportiva.<\/em><\/p>\n<p>La competencia general de este t\u00edtulo consiste en elaborar, gestionar y evaluar proyectos de animaci\u00f3n f\u00edsico-deportivos recreativos para todo tipo de usuarios, programando y dirigiendo las actividades de ense\u00f1anza, de inclusi\u00f3n sociodeportiva y de tiempo libre, coordinando las actuaciones de los profesionales implicados, garantizando la seguridad, respetando el medio ambiente y consiguiendo la satisfacci\u00f3n de los usuarios, en los l\u00edmites de coste previstos.<\/p>\n<p><a class=\"customize-unpreviewable\" href=\"https:\/\/www.juntadeandalucia.es\/educacion\/portals\/web\/formacion-profesional-andaluza\/fp-grado-superior\/detalle-titulo?idTitulo=601\">M\u00e1s informaci\u00f3n<\/a><\/p>\n","protected":false},"excerpt":{"rendered":"<p>Ciclo Formativo de Grado Medio Sistemas Microinform\u00e1ticos y Redes. La competencia general de este t\u00edtulo consiste en instalar, configurar y mantener sistemas microinform\u00e1ticos, aislados o en red, as\u00ed como redes locales en peque\u00f1os entornos, asegurando su funcionalidad y aplicando los protocolos de calidad, seguridad y respeto al medio ambiente establecidos. M\u00e1s informaci\u00f3n Ciclo Formativo de [&hellip;]<\/p>\n","protected":false},"author":8,"featured_media":0,"parent":0,"menu_order":0,"comment_status":"closed","ping_status":"closed","template":"","meta":[],"yoast_head":"<!-- This site is optimized with the Yoast SEO plugin v15.5 - https:\/\/yoast.com\/wordpress\/plugins\/seo\/ -->\n<title>Ciclos Formativos - IES Juan de Mairena<\/title>\n<meta name=\"robots\" content=\"index, follow, max-snippet:-1, max-image-preview:large, max-video-preview:-1\" \/>\n<link rel=\"canonical\" href=\"https:\/\/iesjuandemairena.org\/index.php\/ciclos-formativos\/\" \/>\n<meta property=\"og:locale\" content=\"es_ES\" \/>\n<meta property=\"og:type\" content=\"article\" \/>\n<meta property=\"og:title\" content=\"Ciclos Formativos - IES Juan de Mairena\" \/>\n<meta property=\"og:description\" content=\"Ciclo Formativo de Grado Medio Sistemas Microinform\u00e1ticos y Redes. La competencia general de este t\u00edtulo consiste en instalar, configurar y mantener sistemas microinform\u00e1ticos, aislados o en red, as\u00ed como redes locales en peque\u00f1os entornos, asegurando su funcionalidad y aplicando los protocolos de calidad, seguridad y respeto al medio ambiente establecidos. M\u00e1s informaci\u00f3n Ciclo Formativo de [&hellip;]\" \/>\n<meta property=\"og:url\" content=\"https:\/\/iesjuandemairena.org\/index.php\/ciclos-formativos\/\" \/>\n<meta property=\"og:site_name\" content=\"IES Juan de Mairena\" \/>\n<meta property=\"article:modified_time\" content=\"2022-06-23T10:12:20+00:00\" \/>\n<meta name=\"twitter:card\" content=\"summary_large_image\" \/>\n<meta name=\"twitter:label1\" content=\"Tiempo de lectura\">\n\t<meta name=\"twitter:data1\" content=\"1 minuto\">\n<script type=\"application\/ld+json\" class=\"yoast-schema-graph\">{\"@context\":\"https:\/\/schema.org\",\"@graph\":[{\"@type\":\"WebSite\",\"@id\":\"https:\/\/iesjuandemairena.org\/#website\",\"url\":\"https:\/\/iesjuandemairena.org\/\",\"name\":\"IES Juan de Mairena\",\"description\":\"Mairena del Aljarafe (Sevilla)\",\"potentialAction\":[{\"@type\":\"SearchAction\",\"target\":\"https:\/\/iesjuandemairena.org\/?s={search_term_string}\",\"query-input\":\"required name=search_term_string\"}],\"inLanguage\":\"es\"},{\"@type\":\"WebPage\",\"@id\":\"https:\/\/iesjuandemairena.org\/index.php\/ciclos-formativos\/#webpage\",\"url\":\"https:\/\/iesjuandemairena.org\/index.php\/ciclos-formativos\/\",\"name\":\"Ciclos Formativos - IES Juan de Mairena\",\"isPartOf\":{\"@id\":\"https:\/\/iesjuandemairena.org\/#website\"},\"datePublished\":\"2022-06-22T09:42:36+00:00\",\"dateModified\":\"2022-06-23T10:12:20+00:00\",\"inLanguage\":\"es\",\"potentialAction\":[{\"@type\":\"ReadAction\",\"target\":[\"https:\/\/iesjuandemairena.org\/index.php\/ciclos-formativos\/\"]}]}]}<\/script>\n<!-- \/ Yoast SEO plugin. -->","_links":{"self":[{"href":"https:\/\/iesjuandemairena.org\/index.php\/wp-json\/wp\/v2\/pages\/11026"}],"collection":[{"href":"https:\/\/iesjuandemairena.org\/index.php\/wp-json\/wp\/v2\/pages"}],"about":[{"href":"https:\/\/iesjuandemairena.org\/index.php\/wp-json\/wp\/v2\/types\/page"}],"author":[{"embeddable":true,"href":"https:\/\/iesjuandemairena.org\/index.php\/wp-json\/wp\/v2\/users\/8"}],"replies":[{"embeddable":true,"href":"https:\/\/iesjuandemairena.org\/index.php\/wp-json\/wp\/v2\/comments?post=11026"}],"version-history":[{"count":3,"href":"https:\/\/iesjuandemairena.org\/index.php\/wp-json\/wp\/v2\/pages\/11026\/revisions"}],"predecessor-version":[{"id":11052,"href":"https:\/\/iesjuandemairena.org\/index.php\/wp-json\/wp\/v2\/pages\/11026\/revisions\/11052"}],"wp:attachment":[{"href":"https:\/\/iesjuandemairena.org\/index.php\/wp-json\/wp\/v2\/media?parent=11026"}],"curies":[{"name":"wp","href":"https:\/\/api.w.org\/{rel}","templated":true}]}}