{"id":12607,"date":"2025-01-13T11:34:00","date_gmt":"2025-01-13T11:34:00","guid":{"rendered":"https:\/\/iesjuandemairena.org\/?page_id=12607"},"modified":"2025-11-18T16:32:05","modified_gmt":"2025-11-18T16:32:05","slug":"departamento-de-religion","status":"publish","type":"page","link":"https:\/\/iesjuandemairena.org\/index.php\/departamento-de-religion\/","title":{"rendered":"Departamento de Religi\u00f3n"},"content":{"rendered":"\n<p><a href=\"https:\/\/iesjuandemairena.org\/wp-content\/uploads\/2025\/11\/Programacion-religion-ESO-2025-25.pdf\">Programaci\u00f3n Religi\u00f3n Cat\u00f3lica ESO<\/a><\/p>\n<p><a href=\"https:\/\/iesjuandemairena.org\/wp-content\/uploads\/2025\/11\/Programacion-religion-BTO.pdf\">Programaci\u00f3n Religi\u00f3n Cat\u00f3lica Bachillerato<\/a><\/p>\n<p>Programaci\u00f3n Religi\u00f3n Evang\u00e9lica<\/p>\n","protected":false},"excerpt":{"rendered":"<p>Programaci\u00f3n Religi\u00f3n Cat\u00f3lica ESO Programaci\u00f3n Religi\u00f3n Cat\u00f3lica Bachillerato Programaci\u00f3n Religi\u00f3n Evang\u00e9lica<\/p>\n","protected":false},"author":8,"featured_media":0,"parent":0,"menu_order":0,"comment_status":"closed","ping_status":"closed","template":"","meta":[],"yoast_head":"<!-- This site is optimized with the Yoast SEO plugin v15.5 - https:\/\/yoast.com\/wordpress\/plugins\/seo\/ -->\n<title>Departamento de Religi\u00f3n - IES Juan de Mairena<\/title>\n<meta name=\"robots\" content=\"index, follow, max-snippet:-1, max-image-preview:large, max-video-preview:-1\" \/>\n<link rel=\"canonical\" href=\"https:\/\/iesjuandemairena.org\/index.php\/departamento-de-religion\/\" \/>\n<meta property=\"og:locale\" content=\"es_ES\" \/>\n<meta property=\"og:type\" content=\"article\" \/>\n<meta property=\"og:title\" content=\"Departamento de Religi\u00f3n - IES Juan de Mairena\" \/>\n<meta property=\"og:description\" content=\"Programaci\u00f3n Religi\u00f3n Cat\u00f3lica ESO Programaci\u00f3n Religi\u00f3n Cat\u00f3lica Bachillerato Programaci\u00f3n Religi\u00f3n Evang\u00e9lica\" \/>\n<meta property=\"og:url\" content=\"https:\/\/iesjuandemairena.org\/index.php\/departamento-de-religion\/\" \/>\n<meta property=\"og:site_name\" content=\"IES Juan de Mairena\" \/>\n<meta property=\"article:modified_time\" content=\"2025-11-18T16:32:05+00:00\" \/>\n<meta name=\"twitter:card\" content=\"summary_large_image\" \/>\n<meta name=\"twitter:label1\" content=\"Tiempo de lectura\">\n\t<meta name=\"twitter:data1\" content=\"0 minutos\">\n<script type=\"application\/ld+json\" class=\"yoast-schema-graph\">{\"@context\":\"https:\/\/schema.org\",\"@graph\":[{\"@type\":\"WebSite\",\"@id\":\"https:\/\/iesjuandemairena.org\/#website\",\"url\":\"https:\/\/iesjuandemairena.org\/\",\"name\":\"IES Juan de Mairena\",\"description\":\"Mairena del Aljarafe (Sevilla)\",\"potentialAction\":[{\"@type\":\"SearchAction\",\"target\":\"https:\/\/iesjuandemairena.org\/?s={search_term_string}\",\"query-input\":\"required name=search_term_string\"}],\"inLanguage\":\"es\"},{\"@type\":\"WebPage\",\"@id\":\"https:\/\/iesjuandemairena.org\/index.php\/departamento-de-religion\/#webpage\",\"url\":\"https:\/\/iesjuandemairena.org\/index.php\/departamento-de-religion\/\",\"name\":\"Departamento de Religi\\u00f3n - IES Juan de Mairena\",\"isPartOf\":{\"@id\":\"https:\/\/iesjuandemairena.org\/#website\"},\"datePublished\":\"2025-01-13T11:34:00+00:00\",\"dateModified\":\"2025-11-18T16:32:05+00:00\",\"inLanguage\":\"es\",\"potentialAction\":[{\"@type\":\"ReadAction\",\"target\":[\"https:\/\/iesjuandemairena.org\/index.php\/departamento-de-religion\/\"]}]}]}<\/script>\n<!-- \/ Yoast SEO plugin. -->","_links":{"self":[{"href":"https:\/\/iesjuandemairena.org\/index.php\/wp-json\/wp\/v2\/pages\/12607"}],"collection":[{"href":"https:\/\/iesjuandemairena.org\/index.php\/wp-json\/wp\/v2\/pages"}],"about":[{"href":"https:\/\/iesjuandemairena.org\/index.php\/wp-json\/wp\/v2\/types\/page"}],"author":[{"embeddable":true,"href":"https:\/\/iesjuandemairena.org\/index.php\/wp-json\/wp\/v2\/users\/8"}],"replies":[{"embeddable":true,"href":"https:\/\/iesjuandemairena.org\/index.php\/wp-json\/wp\/v2\/comments?post=12607"}],"version-history":[{"count":3,"href":"https:\/\/iesjuandemairena.org\/index.php\/wp-json\/wp\/v2\/pages\/12607\/revisions"}],"predecessor-version":[{"id":13011,"href":"https:\/\/iesjuandemairena.org\/index.php\/wp-json\/wp\/v2\/pages\/12607\/revisions\/13011"}],"wp:attachment":[{"href":"https:\/\/iesjuandemairena.org\/index.php\/wp-json\/wp\/v2\/media?parent=12607"}],"curies":[{"name":"wp","href":"https:\/\/api.w.org\/{rel}","templated":true}]}}