{"id":9688,"date":"2020-06-29T11:21:28","date_gmt":"2020-06-29T11:21:28","guid":{"rendered":"https:\/\/iesjuandemairena.org\/?page_id=9688"},"modified":"2020-06-30T10:20:32","modified_gmt":"2020-06-30T10:20:32","slug":"matriculacion-en-ciclos-formativos","status":"publish","type":"page","link":"https:\/\/iesjuandemairena.org\/index.php\/matriculacion-en-ciclos-formativos\/","title":{"rendered":"Matriculaci\u00f3n en Ciclos Formativos"},"content":{"rendered":"\n<p align=\"justify\">Se debe matricular:<\/p>\n<ul>\n<li>\n<p align=\"justify\">Alumnado del centro que promociona de 1\u00ba a 2\u00ba en ciclos formativos de grado medio y superior en oferta completa<\/p>\n<\/li>\n<li>\n<p align=\"justify\">Alumnado del centro repetidor en 1\u00ba y 2\u00ba curso de ciclos formativos de grado medio y superior en oferta completa<\/p>\n<\/li>\n<li>\n<p align=\"justify\">Alumnado que quiera presentar solicitud de admisi\u00f3n en 2\u00ba curso de ciclos formativos de grado medio y superior en oferta completa<\/p>\n<\/li>\n<\/ul>\n<p align=\"justify\">Estos procedimientos se realizar\u00e1n preferentemente a trav\u00e9s de la <b>Secretar\u00eda Virtual de la Consejer\u00eda de Educaci\u00f3n<\/b> (ver <a href=\"https:\/\/iesjuandemairena.org\/wp-content\/uploads\/2020\/06\/200624_TutorialNuevosTr\u00e1mitesSV.pdf\">tutorial de matriculaci\u00f3n en Ciclos Formativos<\/a>)<\/p>\n<p align=\"justify\">Tambi\u00e9n se podr\u00e1n realizar en la <b>Secretar\u00eda del centro<\/b> para lo cu\u00e1l debe <b>descargarse, <\/b><b>rellenar electr\u00f3nicamente e imprimir<\/b> los documentos que se relacionan a continuaci\u00f3n:<\/p>\n<ul>\n<li>\n<p align=\"justify\"><a href=\"https:\/\/iesjuandemairena.org\/wp-content\/uploads\/2020\/06\/Instrucciones-ciclos.pdf\">Instrucciones Ciclos Formativos<\/a><\/p>\n<\/li>\n<li><a href=\"https:\/\/iesjuandemairena.org\/wp-content\/uploads\/2020\/06\/Matricula.pdf\">Formulario de matr\u00edcula<\/a><\/li>\n<li>\n<p align=\"justify\">Ficha del alumno<\/p>\n<ul>\n<li><a href=\"https:\/\/iesjuandemairena.org\/wp-content\/uploads\/2020\/06\/1_SMR.pdf\">Ficha de 1\u00ba SMR<\/a><\/li>\n<li><a href=\"https:\/\/iesjuandemairena.org\/wp-content\/uploads\/2020\/06\/2_SMR.pdf\">Ficha de 2\u00ba SMR<\/a><\/li>\n<li><a href=\"https:\/\/iesjuandemairena.org\/wp-content\/uploads\/2020\/06\/1_ASD.pdf\">Ficha de 1\u00ba ASD<\/a><\/li>\n<li><a href=\"https:\/\/iesjuandemairena.org\/wp-content\/uploads\/2020\/06\/2_ASD.pdf\">Ficha de 2\u00ba ASD<\/a><\/li>\n<\/ul>\n<\/li>\n<li>\n<p align=\"justify\"><a href=\"https:\/\/iesjuandemairena.org\/wp-content\/uploads\/2020\/06\/Escrito-familias-difusi\u00f3n-Ampa-RIO-PUDIO-2020.pdf\">Carta del AMPA<\/a><\/p>\n<\/li>\n<\/ul>\n<p>\u00a0<\/p>\n<p>\u00a0<\/p>\n","protected":false},"excerpt":{"rendered":"<p>Se debe matricular: Alumnado del centro que promociona de 1\u00ba a 2\u00ba en ciclos formativos de grado medio y superior en oferta completa Alumnado del centro repetidor en 1\u00ba y 2\u00ba curso de ciclos formativos de grado medio y superior en oferta completa Alumnado que quiera presentar solicitud de admisi\u00f3n en 2\u00ba curso de ciclos [&hellip;]<\/p>\n","protected":false},"author":1,"featured_media":0,"parent":0,"menu_order":0,"comment_status":"closed","ping_status":"closed","template":"","meta":[],"yoast_head":"<!-- This site is optimized with the Yoast SEO plugin v15.5 - https:\/\/yoast.com\/wordpress\/plugins\/seo\/ -->\n<title>Matriculaci\u00f3n en Ciclos Formativos - IES Juan de Mairena<\/title>\n<meta name=\"robots\" content=\"index, follow, max-snippet:-1, max-image-preview:large, max-video-preview:-1\" \/>\n<link rel=\"canonical\" href=\"https:\/\/iesjuandemairena.org\/index.php\/matriculacion-en-ciclos-formativos\/\" \/>\n<meta property=\"og:locale\" content=\"es_ES\" \/>\n<meta property=\"og:type\" content=\"article\" \/>\n<meta property=\"og:title\" content=\"Matriculaci\u00f3n en Ciclos Formativos - IES Juan de Mairena\" \/>\n<meta property=\"og:description\" content=\"Se debe matricular: Alumnado del centro que promociona de 1\u00ba a 2\u00ba en ciclos formativos de grado medio y superior en oferta completa Alumnado del centro repetidor en 1\u00ba y 2\u00ba curso de ciclos formativos de grado medio y superior en oferta completa Alumnado que quiera presentar solicitud de admisi\u00f3n en 2\u00ba curso de ciclos [&hellip;]\" \/>\n<meta property=\"og:url\" content=\"https:\/\/iesjuandemairena.org\/index.php\/matriculacion-en-ciclos-formativos\/\" \/>\n<meta property=\"og:site_name\" content=\"IES Juan de Mairena\" \/>\n<meta property=\"article:modified_time\" content=\"2020-06-30T10:20:32+00:00\" \/>\n<meta name=\"twitter:card\" content=\"summary_large_image\" \/>\n<meta name=\"twitter:label1\" content=\"Tiempo de lectura\">\n\t<meta name=\"twitter:data1\" content=\"1 minuto\">\n<script type=\"application\/ld+json\" class=\"yoast-schema-graph\">{\"@context\":\"https:\/\/schema.org\",\"@graph\":[{\"@type\":\"WebSite\",\"@id\":\"https:\/\/iesjuandemairena.org\/#website\",\"url\":\"https:\/\/iesjuandemairena.org\/\",\"name\":\"IES Juan de Mairena\",\"description\":\"Mairena del Aljarafe (Sevilla)\",\"potentialAction\":[{\"@type\":\"SearchAction\",\"target\":\"https:\/\/iesjuandemairena.org\/?s={search_term_string}\",\"query-input\":\"required name=search_term_string\"}],\"inLanguage\":\"es\"},{\"@type\":\"WebPage\",\"@id\":\"https:\/\/iesjuandemairena.org\/index.php\/matriculacion-en-ciclos-formativos\/#webpage\",\"url\":\"https:\/\/iesjuandemairena.org\/index.php\/matriculacion-en-ciclos-formativos\/\",\"name\":\"Matriculaci\\u00f3n en Ciclos Formativos - IES Juan de Mairena\",\"isPartOf\":{\"@id\":\"https:\/\/iesjuandemairena.org\/#website\"},\"datePublished\":\"2020-06-29T11:21:28+00:00\",\"dateModified\":\"2020-06-30T10:20:32+00:00\",\"inLanguage\":\"es\",\"potentialAction\":[{\"@type\":\"ReadAction\",\"target\":[\"https:\/\/iesjuandemairena.org\/index.php\/matriculacion-en-ciclos-formativos\/\"]}]}]}<\/script>\n<!-- \/ Yoast SEO plugin. -->","_links":{"self":[{"href":"https:\/\/iesjuandemairena.org\/index.php\/wp-json\/wp\/v2\/pages\/9688"}],"collection":[{"href":"https:\/\/iesjuandemairena.org\/index.php\/wp-json\/wp\/v2\/pages"}],"about":[{"href":"https:\/\/iesjuandemairena.org\/index.php\/wp-json\/wp\/v2\/types\/page"}],"author":[{"embeddable":true,"href":"https:\/\/iesjuandemairena.org\/index.php\/wp-json\/wp\/v2\/users\/1"}],"replies":[{"embeddable":true,"href":"https:\/\/iesjuandemairena.org\/index.php\/wp-json\/wp\/v2\/comments?post=9688"}],"version-history":[{"count":6,"href":"https:\/\/iesjuandemairena.org\/index.php\/wp-json\/wp\/v2\/pages\/9688\/revisions"}],"predecessor-version":[{"id":9702,"href":"https:\/\/iesjuandemairena.org\/index.php\/wp-json\/wp\/v2\/pages\/9688\/revisions\/9702"}],"wp:attachment":[{"href":"https:\/\/iesjuandemairena.org\/index.php\/wp-json\/wp\/v2\/media?parent=9688"}],"curies":[{"name":"wp","href":"https:\/\/api.w.org\/{rel}","templated":true}]}}